5
What is the value of 46 + 39 + -38 + -2?
45
What is the value of 11 + (-23 - (-1 + -61)) + 4 + -13?
41
Calculate 144 + -9 - (-121 + 265).
-9
Evaluate -1 + 23 + -114 - -35.
-57
Calculate (20 + -16 - 15) + 7.
-4
-16 - (-45 + (-4 + -4 - (10 - 28)))
19
What is 10 + -2 + (17 + (-13 - 18) - (1 - 33))?
26
Calculate -16 - (-2 + -8 + -11 + 16 + 2).
-13
What is the value of 11 - ((220 - 226) + (2 - (-11 - -1)))?
5
Calculate (194 - 62) + 25 - 68.
89
Calculate (-17 - (-10 - -14)) + 27.
6
What is the value of 48 - (-139 + 5 - -97)?
85
Calculate -12 + (20 - -3 - 50).
-39
What is the value of 83 + ((13 - 50) + 25 - (8 - 1))?
64
Evaluate (-41 - (-91 + 55)) + (1 - -58).
54
Calculate 1 + -117 - -201 - (11 - (-5 - -3)).
72
What is -14 - (54 + 1 + -95 + 73)?
-47
Calculate -19 + (256 + -278 - (-24 - -2)).
-19
What is 4 + (2 - 18 - (17 - 32)) + 35?
38
What is the value of -16 + -14 + -16 - (-1 + -14 + -1)?
-30
Evaluate (81 - (73 - -4)) + (-49 - (-3 + 2)).
-44
Evaluate 172 - (21 - (-36 + -34)).
81
Evaluate (-309 + 327 - (-2 + -2)) + -65.
-43
What is the value of 13 - 1 - (30 + (42 - 54 - 44))?
38
Calculate -19 - (-13 - ((-7 - -33) + 3 + -6)).
17
What is (-43 - -38 - 47) + (-5 - -6 - 4 - -17)?
-38
Evaluate -14 + 19 + 10 + (18 - (0 + 17)).
16
What is -10 + 20 - -4 - (-69 + (6 - -1) - 5)?
81
What is the value of -92 - (108 + -195 + 25)?
-30
Calculate -23 + -23 + (29 - -3) + -23.
-37
What is the value of (-1 + -13 - (2 + 5 + (20 - 39))) + -69?
-71
What is the value of (-17 - -25) + -2 + 4 + (-6 - (-16 - -6))?
14
-74 + (84 + -22 - 4)
-16
What is -2 + (-94 + 88 - (-2 - 50)) + -21 + 16?
39
What is -2022 + 1996 + (1 - -52)?
27
(0 - -46) + -177 + 153 + (1 - 74)
-51
Evaluate 20 + 675 + -681 + (1 - 1) + -5.
9
What is 4 + 0 + 0 + 47 + -112 + 128?
67
Calculate -2 + -52 + (2 + 16 - (-26 + 40 + 0)).
-50
What is 53 - (4 - (5 - -5 - 3) - -14)?
42
Evaluate (81 - 1) + -5 + 3 + (-387 - -198 - -201).
90
What is the value of -38 + 19 + 18 + (-22 - 45)?
-68
What is the value of 86 + 80 + (-126 - -88)?
128
What is 77 + (-90 - (121 - 284))?
150
What is 15 - ((-5 - (8 - 19)) + 50) - -5?
-36
34 + 76 + -71 - 36
3
What is -5 + -49 + -5 - -20?
-39
Calculate 2 - (142 + (38 - 49)) - (-15 + -1 + 0).
-113
Calculate 15 + (-18 - (-21 - -6)) + -50.
-38
What is -36 + (120 - -7) + (2 - (-5 - -5))?
93
-2 + -14 - (47 + (62 - 69))
-56
Evaluate 18 - ((-30 - (-25 + 8)) + 7).
24
Evaluate 29 + -9 + (-59 - 22) + 1 + -15.
-75
-45 + (11 - (-5 + (6 - -4)))
-39
Evaluate (26 - -3 - 15) + -6 - 15.
-7
2 + 4 + -8 + -15 + (17 - -38)
38
Calculate (-3 - 60) + (13 + (-7 - 8) - (6 - 22)).
-49
What is -61 + -1 - (511 + -503 + (0 - (20 - 2)))?
-52
What is (-15 - (3 + -9)) + (1 - 2 - 28)?
-38
What is 80 - (-32 - -21) - 51?
40
What is the value of 24 + 17 - (7 + -24 - -4)?
54
((0 - 6) + 11 - -1) + -63 - 0
-57
Calculate 44 + -6 - (-19 - (-31 + -11)).
15
What is -7 + (5 - 2) - (38 + -24)?
-18
What is -36 + ((1 - 12) + (28 - 26) - (12 - 10))?
-47
What is -434 + 409 - (1 - -4 - -4)?
-34
Evaluate ((14 - 11) + 14 - 46) + 7 + 2 + 5.
-15
52 - (42 - (-19 + -7))
-16
What is -72 - (14 + 1 + 1012 + -997)?
-102
Calculate -24 - (1 - 0 - 4) - ((-26 - -55) + -31).
-19
What is the value of 18 - ((62 + -24 - 12) + -51)?
43
Evaluate -14 + (4 - 49) + 30 + 139.
110
What is the value of 42 + 1 + -50 + 97 + -44 + -1 + -6?
39
What is (55 - (56 + -9)) + -35 + 7?
-20
Evaluate (-8 + -1 - (34 + -41) - -15) + 21.
34
What is the value of (0 - (-13 - -35)) + 3 - -45?
26
Evaluate ((-3 - -12) + -1 - 0) + (38 - 42).
4
What is (2 + 0 - 7) + 2523 + -2500?
18
(-68 - -93) + -24 - -32
33
Calculate (4223 - 4248) + (0 - -46).
21
What is the value of -44 - (-74 + -56 + 47)?
39
What is the value of -6 - 6 - (5 - (-28 + 1))?
-44
Calculate 4 - (-127 - (-122 + 54)).
63
What is -32462 + 32516 - (-39 - 1)?
94
Evaluate 271 + -317 + -30 + 25.
-51
What is 1 + 27 - (-72 + -89 + 294)?
-105
Calculate 83 - (-17 + (35 - -20) + -8 - 19).
72
Calculate -15 - -23 - (3 - 65).
70
Calculate (-2 - 3 - -1) + 475 + -238 + -258.
-25
Calculate -36 + (38 - 16) - 27 - (4 - (4 + -9)).
-50
What is 0 + -128 + ((-3 - -2) + -8 - (-1648 + 1629))?
-118
What is (35 - 62 - 11) + -24?
-62
What is the value of 166 + -81 + -53 + (-6 - -1 - 1)?
26
What is -86 + (-6 - -28) + 2 + (0 + -1 - -3)?
-60
What is 1 + 1 - ((6 - 5 - (2 + -61)) + 0)?
-58
Evaluate -10 + (57 + -42 - -48).
53
What is -33 + (57 - 50 - (1 - 121))?
94
What is the value of (-471 - -404) + 1 + (30 - 0)?
-36
Calculate -26 - (-4 + 26 - -27) - (-11 + -1).
-63
What is the value of -43 + -1 - (-2191 + 2176)?
-29
Evaluate 2047 - 1961 - (148 - 0).
-62
Evaluate 82 + -144 + 75 - -21.
34
What is -7729 + 7780 - ((1 - 1) + 16)?
35
What is the value of -73 - (-3 - -2 - (103 - 100) - -11)?
-80
Evaluate (57 - 41 - 18 - (0 - 25)) + -164.
-141
What is 3 + (-13 - 5) + (54 - 11)?
28
Calculate (-7 - ((314 - 289) + -1 + -10 + -35)) + 0.
14
What is -48 - (-1 + -1 + -17 + (188 - 177))?
-40
What is -842 - -872 - (20 + 1)?
9
What is the value of (12 - (46 + -28)) + 60?
54
Calculate -21 + 22 + -37 + 30 - -65.
59
Evaluate (-17 - (1 + -35 - 9)) + -82.
-56
(-13 - -21 - 3) + -2 - 1
2
55 + 0 - (-6 + (-3 - (-24 - -21)))
61
What is -19 + 0 - (-11 + -23 + 5) - 13?
-3
Evaluate -13 - (-4 - (-3 - 51)) - (-12 - (-6 + 0)).
-57
Evaluate -56 + -4 + 7 - (-18 - (18 - 33)).
-50
6 + 8 - (-390 - -319)
85
What is -1 + (-112 + 98 - (94 - (-1 - -7)))?
-103
22 - 35 - (44 + -48 + (-129 - -1))
119
Evaluate -7 + 3 - ((29 - -12) + 14 + 1 + -15).
-45
What is (430 - 366) + -3 + -116?
-55
Calculate -22 - 1 - (-70 - -17).
30
What is the value of 0 + -43 - (-34 + (19 - (-24 + 14)))?
-38
0 - 17 - (1 - 1 - (-735 + 654))
-98
-44 + (-12 - -11) + 6 + 0
-39
What is the value of 5 - 45 - (7 - 29)?
-18
1874 - 1908 - (-1 - 20)
-13
What is 7 - -2 - ((175 - 17) + (30 - 66))?
-113
Evaluate 4 - (36 + -37) - ((5 - -20) + 5).
-25
Calculate -13 + (-7 - 36) + (-9 - -25).
-40
Calculate 58 - (30 + 28 + -36 - -11).
25
Evaluate -13 + 1 + -2 + (-11 - (8 - -3)).
-36
Calculate (-17 - ((-7 - -22) + -17)) + 23.
8
What is the value of 22 + (-23 + -12 + 23 - (0 + -18))?
28
Calculate 1 + (-4 - 0 - -10) + 1 + (-20 - -17).
5
Calculate (-6 - (1 + -4 + -8 - 13)) + 48.
66
Calculate 75 - ((133 - -137) + -155).
-40
Calculate (98 - 1) + -24485 + 24342.
-46
Calculate 128 + 1 + -14386 + 14328.
71
What is the value of (-2 - 7) + 65 + (-116 - -57)?
-3
What is 98 + -109 + 13 + 81?
83
What is the value of 84 - (-26 + 74) - (-2 - -58)?
-20
Calculate 16 - 6 - (2 - (-3 - 14 - -1)).
-8
What is 62 + (32 + -16 - 10 - 29)?
39
Calculate (16 - (20 + -45)) + -11 + 47.
77
(-11 - (-3 + 0)) + (-6 - (-40 + 13 + -15))
28
What is 151 - (43 - (19 + -20)) - 46?
61
What is the value of 0 + (13 - 22) + -2 + 4?
-7
-18 - (23 - (-40 + 62))
-19
(13 - (-4 - (-18 + -3))) + (-1 - -7) + 3
5
Evaluate (-19 - (-8 + (-10 - -26))) + 0 + 1.
-26
-35 - (-213 + 240 - (-1 - -14) - (8 - -2))
-39
-2 - (6 - (-2 - (-19 + 7))) - 43
-41
What is the value of (240 - 249) + (-1 - 1 - -1) - 28?
-38
What is the value of (20 - (3 + -10 + 7)) + (5 - 2)?
23
-12 - (8 + -14) - (0 + -16) - 10 - 54
-54
What is the value of (74 - -1) + (-19 - (13 - 17) - -32)?
92
What is (-14 - (56 - 14 - 16)) + -2 + -7?
-49
What is the value of -4 + 3 + (0 - 52) + -9 + 15?
-47
What is 20 + 2 + -1528 + 1584?
78
6 + -29 + 5 + 45 - (4 + -18)
41
What is (-2 - (9 - -1 - -1)) + (4469 - 4475)?
-19
Evaluate -5 + (-26 - ((-10 - 10) + 0)).
-11
Evaluate -2 + -4 + 6 + -7 + -1 + 1 + 20.
13
What is 83 + -69 - (67 + -53)?
0
What is -45 + -6 + 16 - -52?
17
Evaluate -68 - (37 + (13 - 87)).
-31
Calculate -6 + (-5 - (5 + -7) - -24) + -7 - 48.
-40
What is (-24 - (-149 - -56)) + -1 + -21?
47
-9 + (-12 + 8 + 14 - -4)
5
Calculate -42 + (32 - (-5 + 26)) + 22.
-9
What is 80 - 69 - 10 - (-2 - (-31 - 2))?
-30
-126 - (60 - (4 + 101))
-81
Calculate -55 + 9 + 80 + 9 + -19.
24
18 + -33 + -7 - -18 - (3 + -18)
11
What is the value of -65 - (1 - (-7 - (-5 - (-2 - -1) - 0)))?
-69
Calculate (22 - (-14 - -27)) + 10 + -11 + 6.
14
What is -156 + (-48 - -1) + 496 + -407?
-114
11 + -2 - (4 - -2 - (12 - (-5 - -15)))
5
-202 - (-211 - 20) - (-39 + 0)
68
Calculate 10 - (-35 + 30 - (1 + -33 + 2)).
-15
-108 + (1 - 23) + -13 + 26
-117
What is the value of -15 + 19 - (-26 + 1)?
29
Calculate 6 - ((18 - 4 - -118) + -14 - 11).
-101
What is the value of 154 + (-7